ghest common divisor of q and f?
6
Let v = 6697 - 2649. What is the highest common divisor of 528 and v?
176
Suppose 3*f + 5*g + 37 = 0, -6*g = -f - 2*g - 18. Let n = f - -16. Let h = 26 - n. What is the greatest common divisor of h and 8?
8
Let g(m) = 283*m**2 - 2259*m + 8. Let c be g(8). Calculate the greatest common factor of c and 2070.
6
Suppose -15*x = -11*x - 72. Let b(y) = 27*y - 197. Let z be b(14). Let d = z - 172. Calculate the highest common factor of d and x.
9
Let t(z) = 77*z**3 + z**2 - 2*z + 1. Let f be t(1). Suppose -6*s = -5*s + 3. Let b be (7 - s) + 6/(-1 + -1). What is the highest common factor of f and b?
7
Let n be 14/98 + 566/7. Let f = 285 - 231. Calculate the greatest common factor of n and f.
27
Let d = -9767 + 11287. What is the highest common factor of d and 874?
38
Suppose -39*c + 0*c = -273. Suppose -c*r = -472 - 536. Calculate the greatest common factor of 54 and r.
18
Suppose 3*p - 30 = -r, 7*r - 2*r = -p + 38. What is the greatest common divisor of p and 292?
4
Let z = -872 + 879. Suppose z*u - 25*u = -9900. Let m be (6/(-4))/((-6)/200). Calculate the greatest common factor of u and m.
50
Let s be (-1)/(1/(-71) - 0). Let x be (1452/(-605))/((-3)/(-80)). Let d = x + s. What is the greatest common factor of 119 and d?
7
Suppose -38 = 6*m - 4*m. Let k = m + 21. Let j be ((-2)/k)/((-1)/26). Calculate the greatest common divisor of 39 and j.
13
Suppose 4*t = 2*v + 120, 3*t - 17*v + 19*v - 69 = 0. Calculate the highest common factor of t and 1593.
27
Suppose -1032*x = -65647 - 22073. Let n(j) = -j - 4. Let a be n(-6). Suppose -a*b + 8 + 60 = 0. Calculate the greatest common divisor of b and x.
17
Suppose -58*c = -51*c + 126. Let s be c*(-16)/12 - 2*-2. Calculate the greatest common divisor of s and 322.
14
Let x be (-1 + 2 + -1)/(4 - 2). Let u be (x - 128/28 - -2)*14. Let q be 27/u - 199/(-4). Calculate the greatest common factor of 147 and q.
49
Let z = 16 + -10. Let l(t) = -27*t - 144. Let f(h) = h**2 - 5*h - 56. Let y be f(10). Let g be l(y). Calculate the greatest common divisor of g and z.
6
Let t = -62 + 86. Let k(h) = 10*h + 780. Let m be k(-66). Calculate the greatest common divisor of t and m.
24
Let k = 4 - 8. Let f(u) = -3 + 12 - 4*u**2 - 1498*u**3 + 1497*u**3 - u. Let b be f(k). Calculate the highest common factor of b and 13.
13
Suppose 4*m - 4*r = 96, -4*m - 4*r = -0*m - 64. Suppose -6 = m*x - 21*x. Calculate the highest common factor of 96 and x.
6
Let b(z) = 123*z**2 - 19*z + 4. Let k be b(-2). Suppose 5*o - k = -y, -4*y - o - 1090 = -6*y. Calculate the highest common divisor of y and 64.
32
Let v(g) = -74*g - 4426. Let x be v(-61). Let r = 116 - 50. Calculate the greatest common factor of r and x.
22
Suppose -6*r - 3 = -3. Suppose r*l + 2*l - 9*l = 0. Suppose 14 - 319 = -5*k + 5*q, k + q - 65 = l. What is the highest common factor of 9 and k?
9
Let o = 684 - 666. Suppose 18*d = 3*d + 675. What is the greatest common divisor of o and d?
9
Suppose 0 = -441*r + 446*r - 350. What is the greatest common factor of 2212 and r?
14
Suppose -c - 1829 = n - 1874, -2*c = 4*n - 96. What is the highest common divisor of c and 864?
6
Let c(h) = -17*h + 26. Let d = -38 + 32. Let m(s) = -1. Let x(v) = d*m(v) - c(v). Let g be x(6). Calculate the highest common factor of 41 and g.
41
Suppose -3*i + 4*x = 67, 9 - 3 = -3*x. Let z be 5*(1040/i)/2. Let c = -74 - z. Calculate the greatest common divisor of 3 and c.
3
Suppose 83*l - 186287 = -48806 + 13496. What is the highest common divisor of 102 and l?
17
Let i(y) = 5*y + 511. Let f be i(-45). What is the highest common divisor of f and 187?
11
Let y(c) = c**2 - 3*c - 3. Let v be y(3). Let d be ((-1)/v)/1*-3 + 25. Suppose 33*m + d = 36*m. Calculate the highest common factor of m and 56.
8
Let w be -3 + (-42)/(-7) - 6. Let c(s) = -35*s - 18. Let x be c(w). Calculate the greatest common factor of 29 and x.
29
Let g(n) = -n**3 + 45*n**2 + 205*n + 209. Let o be g(49). What is the greatest common factor of o and 338?
26
Suppose -i - 2 = 0, -5*s - 52*i = -56*i - 818. What is the greatest common divisor of 6399 and s?
81
Suppose 125*k = 2541 + 2280 + 1179. Calculate the highest common divisor of k and 1500.
12
Suppose -195 = -4*v - v. Suppose 2*y = v + 27. Suppose -8*k + 2*u - 55 = -13*k, 0 = -2*u. What is the greatest common factor of y and k?
11
Let z = 9 + -11. Let h(m) be the third derivative of -m**4/12 + 13*m**3/6 - 149*m**2. Let s be h(z). Calculate the greatest common divisor of s and 68.
17
Let d(x) = -3*x**2 + 25*x + 5. Let u be d(7). Let n = -22 + u. Calculate the greatest common factor of n and 77.
11
Suppose -28*z - 11*z + 130170 + 42483 = 0. What is the greatest common factor of z and 209?
19
Suppose -4*q - 5*f = -150, 41*q - 40*q - 41 = -3*f. What is the greatest common divisor of q and 55?
5
Let b = 28661 - 6464. Calculate the greatest common divisor of b and 49.
49
Suppose 0 = 3*z + 17*z + 14482 - 47682. Calculate the greatest common factor of 180 and z.
20
Let j = -469 - -599. Let i be (-621)/(-6) + 6/12. What is the greatest common divisor of i and j?
26
Let y(q) = 308*q**2 - 1761*q - 47. Let c be y(11). Calculate the greatest common factor of c and 126.
42
Suppose 0*f = 2*f - 6*f. Let v be -2 + f + 2 - 16/(-8). Let r be (70 - -5)/(v/2). Calculate the greatest common factor of 30 and r.
15
Let l(o) = -52*o - 3. Let f be l(3). Let p be (-2)/(-12)*2*f. Let n = 56 + p. What is the greatest common divisor of n and 33?
3
Let o = 15085 + -15058. Let y be (-1 + 2)*(0 + 3). What is the greatest common divisor of o and y?
3
Let m(v) = -2*v - 17*v**2 + 17 + 38*v**3 + 20*v**2 - 37*v**3 + 2*v. Let u be m(-4). What is the highest common factor of 32 and u?
1
Let f = 1 - -7. Let k be (3 + 53)*f/(12/3). Calculate the greatest common divisor of k and 42.
14
Suppose 4*y - q + 3*q = -51728, q = -y - 12934. Let t be 9/((-297)/y) + (-6)/(-33). What is the greatest common factor of 49 and t?
49
Suppose -2*u = 3*x - 0*u + 14, 3*x + u = -13. Let t be 1*-855*x/4. Suppose 50*c = 45*c + t. Calculate the highest common divisor of 19 and c.
19
Suppose -2*y + 1164 = 4*o, 4*o + 1124 = 5*y - 1968. Let b(x) = -x**3 - 5*x**2 - 4*x - 1. Let u be b(-5). What is the highest common divisor of u and y?
19
Let s = 16161 + -15954. Calculate the greatest common factor of 981 and s.
9
Let s be (-2)/((-2)/6*8/20). Suppose -25*l - 3*p - 15 = -28*l, -3*l = -2*p - 19. What is the highest common factor of l and s?
3
Let l = 12463 + -12450. Calculate the greatest common factor of l and 32929.
13
Suppose 0 = 13*h - 11*h - 8. Suppose -h*t + 22 = 3*x - 11, -2*t = 5*x - 55. Calculate the greatest common divisor of x and 1.
1
Let n be (2/5)/(8/40). Let i(v) = 36*v + 6. Let j be i(n). Suppose 5*u = -2*z + j, -3*u - 3*z + 50 = -5*z. Calculate the greatest common factor of 96 and u.
16
Suppose y = 2*o, 8*o + 2*y + 7 = 5*o. Let u be o/(-10) - (-2476)/40. Let w = -74 + 105. Calculate the highest common divisor of u and w.
31
Let s(b) = 242*b - 43 + 906*b - 33 - 316*b + 22. Let x be s(2). What is the greatest common factor of 70 and x?
70
Suppose -5 = 2*r - 3*v, 4*v - 4 = 3*r + 1. Let a be (-107 - (-1 - 0))/(-2). Suppose -50*o = -a*o + 15. What is the highest common factor of o and r?
5
Let u be 31480 + (-33)/(-6) + (-43)/(-86). What is the highest common divisor of 364 and u?
182
Let x = 5739 + -5697. Suppose 3*l - 2*l - 12 = 0. What is the greatest common divisor of x and l?
6
Suppose 22*y + 33 = 24*y - 87. Suppose 2*b - 4*s = 88, 3*b - b = -s + 68. Suppose 0 = -0*i + 3*i - b. Calculate the greatest common divisor of i and y.
12
Let v = -131 + 144. Suppose -20*s + 238 = -v*s. Calculate the highest common divisor of 153 and s.
17
Let s = -1568 + 1113. Let j = 962 + s. What is the highest common factor of j and 78?
39
Let y = -119 - -327. What is the greatest common factor of 40 and y?
8
Let u be 0/(-3 + (0 - -1)). Suppose u = 4*y - 5 - 7. Suppose 23 = j + 2*f, -2*j + y*j - 31 = -4*f. Calculate the highest common factor of 5 and j.
5
Let j = 350 - 189. Let s be (-9)/6*(2 + 29*2). Let n = s - -113. What is the highest common factor of j and n?
23
Suppose 123 - 441 = -6*g. Let p(n) = -n**2 + n + 37. Let l be p(-30). Let d = l + 1370. Calculate the highest common divisor of d and g.
53
Suppose 17*f + 2*f - 759900 = 